{"id":293,"date":"2022-02-24T13:04:34","date_gmt":"2022-02-24T13:04:34","guid":{"rendered":"https:\/\/vsmcentras.lt\/?post_type=product&#038;p=293"},"modified":"2026-04-02T04:17:07","modified_gmt":"2026-04-02T04:17:07","slug":"apsaugos-darbuotoju-mokymai","status":"publish","type":"product","link":"https:\/\/vsmcentras.lt\/index.php\/product\/apsaugos-darbuotoju-mokymai\/","title":{"rendered":"Apsaugos darbuotoj\u0173 mokymai"},"content":{"rendered":"<p>\u012e apsaugos darbuotoj\u0173 ir apsauginink\u0173 mokymus priimami asmenys, sulauk\u0119 18 met\u0173, atitinkantys Lietuvos Respublikos sveikatos apsaugos ministro nustatytus reikalavimus ir turintys pagrindin\u012f i\u0161silavinim\u0105.<\/p>\n<p>Mokymai susideda i\u0161 teorin\u0117s ir praktin\u0117s dali\u0173. Teorin\u0117s dalies metu asmenys supa\u017eindindami su apsaugos darbuotoj\u0173 funkcijomis, darbo specifika, kovin\u0117s savigynos ir speciali\u0173j\u0173 priemoni\u0173 panaudojimo pagrindais, objekt\u0173 apsaugos technin\u0117mis galimyb\u0117mis ir technini\u0173 priemoni\u0173 veikimu, psichologijos pagrindais bei pirmosios medicinin\u0117s pagalbos suteikimo ypatyb\u0117mis.<\/p>\n<p>Praktin\u0117s dalies metu asmenys supa\u017eindinami su asmens bei turto saugos praktika, fizin\u0117s prievartos, speciali\u0173j\u0173 priemoni\u0173 panaudojimu, asmens sulaikymu ir pristatymo \u012f policijos \u012fstaig\u0105 praktika.<\/p>\n<p>I\u0161laikius baigiam\u0105j\u012f egzamin\u0105, asmenys \u012fgyja teis\u0119 dirbti apsaugos darbuotoju. Teritorin\u0117s policijos istaigos licencijavimo skyriaus i\u0161duotas apsaugos darbuotojo pa\u017eym\u0117jimas pripa\u017e\u012fstamas Europos S\u0105jungoje pagal atitinkamos \u0161alies galiojan\u010dius teis\u0117s aktus.<br \/>\nPageidaujantys vykdyti ginkluot\u0105 apsaug\u0105 asmenys privalo i\u0161klausyti \u0160aunamojo ginklo laikymo, ne\u0161iojimasi ir panaudojimo program\u0105 ir i\u0161laikyti egzamin\u0105.<\/p>\n","protected":false},"excerpt":{"rendered":"<div>\n<p class=\"tekstas\"><span lang=\"LT\">\u012e apsaugos darbuotoj\u0173 mokymo kursus priimami Lietuvos Respublikos pilie\u010diai, u\u017esienio valstybi\u0173 pilie\u010diai, kurios yra Europos S\u0105jungos ir (ar) NATO nar\u0117s arba Europos ekonomin\u0117s erdv\u0117s susitarimo dalyv\u0117s, sulauk\u0119 18 met\u0173, turintys pagrindin\u012f i\u0161silavinim\u0105 ir medicinin\u0117s ap\u017ei\u016bros pa\u017eyma (048\/a forma ).<\/span><\/p>\n<\/div>\n","protected":false},"featured_media":58,"comment_status":"open","ping_status":"closed","template":"","meta":{"_monsterinsights_skip_tracking":false,"_monsterinsights_sitenote_active":false,"_monsterinsights_sitenote_note":"","_monsterinsights_sitenote_category":0,"spay_email":"","jetpack_publicize_message":"","jetpack_is_tweetstorm":false,"jetpack_publicize_feature_enabled":true},"product_cat":[19],"product_tag":[],"class_list":["post-293","product","type-product","status-publish","has-post-thumbnail","hentry","product_cat-kursai"],"_links":{"self":[{"href":"https:\/\/vsmcentras.lt\/index.php\/wp-json\/wp\/v2\/product\/293","targetHints":{"allow":["GET"]}}],"collection":[{"href":"https:\/\/vsmcentras.lt\/index.php\/wp-json\/wp\/v2\/product"}],"about":[{"href":"https:\/\/vsmcentras.lt\/index.php\/wp-json\/wp\/v2\/types\/product"}],"replies":[{"embeddable":true,"href":"https:\/\/vsmcentras.lt\/index.php\/wp-json\/wp\/v2\/comments?post=293"}],"wp:featuredmedia":[{"embeddable":true,"href":"https:\/\/vsmcentras.lt\/index.php\/wp-json\/wp\/v2\/media\/58"}],"wp:attachment":[{"href":"https:\/\/vsmcentras.lt\/index.php\/wp-json\/wp\/v2\/media?parent=293"}],"wp:term":[{"taxonomy":"product_cat","embeddable":true,"href":"https:\/\/vsmcentras.lt\/index.php\/wp-json\/wp\/v2\/product_cat?post=293"},{"taxonomy":"product_tag","embeddable":true,"href":"https:\/\/vsmcentras.lt\/index.php\/wp-json\/wp\/v2\/product_tag?post=293"}],"curies":[{"name":"wp","href":"https:\/\/api.w.org\/{rel}","templated":true}]}}